divide 2718411?
False
Is 23 a factor of 422046?
False
Does 64 divide 226624?
True
Does 20 divide 280151?
False
Does 1657 divide 10029821?
True
Is 57 a factor of 8005186?
False
Is 293544 a multiple of 18?
True
Is 27 a factor of 21654?
True
Is 1309204 a multiple of 13?
True
Is 213102 a multiple of 70?
False
Does 19 divide 238830?
True
Is 609 a factor of 748309?
False
Does 993 divide 25963385?
False
Is 6388584 a multiple of 17?
False
Is 29 a factor of 519420?
False
Is 126 a factor of 1392804?
True
Does 757 divide 9084?
True
Is 55178 a multiple of 221?
False
Is 1345540 a multiple of 28?
True
Does 4 divide 16795?
False
Is 859 a factor of 2012874?
False
Does 450 divide 9999612?
False
Does 481 divide 9500231?
True
Is 75 a factor of 224550?
True
Is 5857720 a multiple of 673?
False
Is 436362 a multiple of 11?
False
Is 1860 a multiple of 186?
True
Is 45291 a multiple of 31?
True
Does 5 divide 169559?
False
Is 10 a factor of 73186?
False
Is 67 a factor of 2913567?
False
Does 19 divide 343596?
True
Is 980595 a multiple of 455?
False
Does 396 divide 123050?
False
Is 249797 a multiple of 425?
False
Is 450 a factor of 2128500?
True
Does 188 divide 537883?
False
Does 472 divide 19352?
True
Is 43687 even?
False
Is 417886 a multiple of 7?
True
Is 20889 a multiple of 11?
True
Is 10480 a multiple of 5?
True
Does 275 divide 52109?
False
Is 361475 a multiple of 5?
True
Is 76059 a multiple of 243?
True
Is 30948 a multiple of 20?
False
Is 1227180 a multiple of 5?
True
Is 386651 a multiple of 79?
False
Does 17 divide 242685?
False
Is 5 a factor of 10940?
True
Is 838683 a multiple of 2?
False
Is 14748191 a multiple of 259?
False
Is 63696 a multiple of 12?
True
Does 366 divide 259128?
True
Is 153 a factor of 20374?
False
Is 52701 a multiple of 17?
False
Does 9 divide 185236?
False
Is 21 a factor of 44409?
False
Does 405 divide 4047401?
False
Is 33 a factor of 808097?
False
Does 15 divide 191940?
True
Is 1495702 a multiple of 3?
False
Does 13 divide 2245754?
False
Does 3 divide 70593?
True
Is 124773 a multiple of 33?
True
Does 342 divide 59166?
True
Is 29 a factor of 160109?
True
Is 5 a factor of 179715?
True
Is 226206 a multiple of 43?
False
Does 9 divide 16446?
False
Is 189037 a multiple of 8?
False
Does 68 divide 66504?
True
Is 254475 a multiple of 147?
False
Is 760 a factor of 853624?
False
Is 7892495 a multiple of 1537?
True
Is 208684 a multiple of 27?
False
Is 37263 a multiple of 369?
False
Does 99 divide 1369170?
True
Does 33 divide 356465?
False
Does 23 divide 763613?
False
Is 678 a factor of 4307334?
True
Does 19 divide 15687522?
False
Is 78000 a multiple of 12?
True
Does 19 divide 104196?
True
Is 8 a factor of 8020072?
True
Is 1904169 a multiple of 29?
True
Is 10 a factor of 182310?
True
Does 489 divide 228666?
False
Is 236016 a multiple of 792?
True
Does 308 divide 1411650?
False
Is 299110 a multiple of 608?
False
Is 11 a factor of 1364374?
True
Does 66 divide 4466748?
True
Does 15 divide 17778?
False
Is 8 a factor of 229218?
False
Is 394 a factor of 1426323?
False
Is 2688 a multiple of 48?
True
Is 87 a factor of 7113120?
True
Is 3045946 a multiple of 73?
False
Is 193 a factor of 699818?
True
Is 52 a factor of 6026176?
True
Is 25 a factor of 1405775?
True
Is 253218 a multiple of 14?
True
Is 2 a factor of 20542?
True
Does 202 divide 183939?
False
Is 177 a factor of 143193?
True
Is 7651755 a multiple of 45?
True
Is 37 a factor of 212796?
False
Is 17094038 a multiple of 13?
True
Is 162611 a multiple of 238?
False
Is 1883670 a multiple of 144?
False
Does 227 divide 9994787?
False
Does 54 divide 358802?
False
Does 971 divide 917595?
True
Does 18 divide 466812?
True
Does 156 divide 622692?
False
Is 1839 a factor of 21942698?
False
Is 1013040 a multiple of 189?
True
Is 64 a factor of 60407?
False
Is 323826 a multiple of 23?
False
Is 8 a factor of 1323664?
True
Is 172 a factor of 6682888?
True
Is 434 a factor of 182280?
True
Is 54 a factor of 3371447?
False
Does 101 divide 202499?
False
Does 408 divide 93840?
True
Is 51 a factor of 728841?
True
Is 313 a factor of 125826?
True
Does 2 divide 15121?
False
Does 41 divide 66578?
False
Is 223 a factor of 1083116?
False
Does 23 divide 807031?
False
Is 3667825 a multiple of 5?
True
Does 3 divide 8445?
True
Is 125 a factor of 376250?
True
Is 13 a factor of 103805?
True
Is 24 a factor of 258288?
True
Is 152631 a multiple of 27?
True
Does 1079 divide 3474380?
True
Is 17 a factor of 7058145?
True
Does 82 divide 365550?
False
Is 55 a factor of 67870?
True
Does 3 divide 16070?
False
Does 437 divide 380190?
True
Is 6 a factor of 27374?
False
Is 843606 a multiple of 926?
False
Is 14 a factor of 1813189?
False
Is 547502 a multiple of 631?
False
Does 70 divide 1258560?
False
Is 4800 a multiple of 7?
False
Is 406896 a multiple of 173?
True
Does 19 divide 379240?
True
Is 128 a factor of 109229?
False
Is 5306421 a multiple of 137?
True
Does 30 divide 728190?
True
Is 996945 a multiple of 13?
False
Is 5 a factor of 2163200?
True
Does 52 divide 4273984?
True
Is 118037 a multiple of 31?
False
Does 16 divide 430624?
True
Does 66 divide 6980896?
False
Is 22 a factor of 384604?
True
Is 64 a factor of 232384?
True
Is 1429703 a multiple of 25?
False
Is 129 a factor of 2579029?
False
Is 4661754 a multiple of 4?
False
Is 435601 a multiple of 61?
True
Is 160724 a multiple of 46?
True
Is 78 a factor of 1667562?
True
Is 65440 a multiple of 40?
True
Is 35 a factor of 35700?
True
Is 2382640 a multiple of 130?
True
Is 277962 a multiple of 132?
False
Is 29 a factor of 262711?
True
Is 641250 a multiple of 502?
False
Is 458743 a multiple of 92?
False
Does 8 divide 33533?
False
Is 162162 a multiple of 66?
True
Is 7 a factor of 807032?
False
Is 364 a factor of 6028206?
False
Is 971890 a multiple of 170?
True
Does 4 divide 18988?
True
Is 72 a factor of 199800?
True
Does 30 divide 37110?
True
Is 21 a factor of 502152?
True
Is 295 a factor of 4162877?
False
Is 957996 a multiple of 92?
True
Is 1139 a multiple of 47?
False
Is 37128 a multiple of 408?
True
Is 56 a factor of 138936?
True
Is 166 a factor of 145386?
False
Is 222896 a multiple of 136?
False
Is 638091 a multiple of 299?
False
Is 9330329 a multiple of 41?
True
Does 7 divide 1759711?
False
Does 9 divide 203265?
True
Does 524 divide 201216?
True
Is 178740 a multiple of 135?
True
Is 46 a factor of 602554?
True
Is 12 a factor of 76791?
False
Does 320 divide 30080?
True
Does 345 divide 2270445?
True
Does 429 divide 1144324?
False
Is 1111 a factor of 2223111?
True
Does 244 divide 213012?
True
Does 205 divide 11319?
False
Does 92 divide 69184?
True
Does 6 divide 608394?
True
Is 2674644 a multiple of 12?
True
Is 2707440 a multiple of 24?
True
Is 9 a factor of 130455?
True
Is 7160062 a multiple of 26?
True
Does 133 divide 6368838?
True
Is 14655 a multiple of 93?
False
Is 224318 a multiple of 169?
False
Is 160281 a multiple of 210?
False
Is 14 a factor of 1057012?
False
Does 104 divide 433827?
False
Is 6 a factor of 83413?
False
Does 16 divide 965277?
False
Is 4797230 a multiple of 170?
True
Does 159 divide 527721?
True
Does 13 divide 7873268?
True
Is 91 a factor of 32851?
True
Is 3644964 a multiple of 921?
False
Is 3030105 a multiple of 900?
False
Is 4097280 a multiple of 640?
True
Is 2219500 a multiple of 193?
True
Does 123 divide 80637?
False
Is 204510 a multiple of 255?
True
Is 12 a factor of 1192101?
False
Is 3535007 a multiple of 133?
True
Is 1227744 a multiple of 203?
True
Does 71 divide 2348964?
True
Does 6 divide 987784?
False
Does 381 divide 142875?
True
Does 8 divide 5022688?
True
Is 6621156 a multiple of 36?
True
Is 539599 a multiple of 127?
False
Is 348 a factor of 2967048?
True
Does 21 divide 1648874?
False
Is 42 a factor of 2575146?
True
Is 198960 a multiple of 9?
False
Is 183642 a multiple of 241?
True
Is 180768 a multiple of 24?
True
Does 61 divide 14737044?
False
Does 76 divide 385876?
False
Is 690888 a multiple of 22?
True
Is 430149 a multiple of 125?
False
Is 618690 a multiple of 246?
True
Is 1232557 a multiple of 4?
False
Is 31 a factor of 410648?
False
Is 18354 a multiple of 382?
False
Is 10 a factor of 1077818?
False
Does 5 divide 45783?
False
Does 137 divide 22993?
False
Is 10 a factor of 1586336?
False
Is 34 a factor of 177274?
False
Is 103213 a multiple of 121?
True
Is 4 a factor of 1